{"id":1179,"date":"2021-06-18T19:54:50","date_gmt":"2021-06-18T19:54:50","guid":{"rendered":"https:\/\/bolbol-school.ch\/?page_id=1179"},"modified":"2025-08-29T07:26:58","modified_gmt":"2025-08-29T07:26:58","slug":"a-propos-de-nous","status":"publish","type":"page","link":"https:\/\/bolbol-school.ch\/?page_id=1179&lang=fr","title":{"rendered":"A propos de nous"},"content":{"rendered":"<p><img fetchpriority=\"high\" decoding=\"async\" width=\"554\" height=\"179\" src=\"https:\/\/bolbol-school.ch\/wp-content\/uploads\/2021\/06\/logo2-1.png\" alt=\"\" srcset=\"https:\/\/bolbol-school.ch\/wp-content\/uploads\/2021\/06\/logo2-1.png 554w, https:\/\/bolbol-school.ch\/wp-content\/uploads\/2021\/06\/logo2-1-300x97.png 300w\" sizes=\"(max-width: 554px) 100vw, 554px\">\t\t\t\t\t\t\t\t\t\t\t\t\t\t\t\t<\/p>\n<h2>Nous ouvrons une porte sur la culture et la langue persanes<br \/>\n\u00e0 toute personne int\u00e9ress\u00e9e.<\/h2>\n<p>\t\t\t\t\t\t\t\t\t\t\t\t\t\t\t<img decoding=\"async\" width=\"1024\" height=\"504\" src=\"https:\/\/bolbol-school.ch\/wp-content\/uploads\/2021\/06\/hero2-2-1024x504.png\" alt=\"\" srcset=\"https:\/\/bolbol-school.ch\/wp-content\/uploads\/2021\/06\/hero2-2-1024x504.png 1024w, https:\/\/bolbol-school.ch\/wp-content\/uploads\/2021\/06\/hero2-2-300x148.png 300w, https:\/\/bolbol-school.ch\/wp-content\/uploads\/2021\/06\/hero2-2-768x378.png 768w, https:\/\/bolbol-school.ch\/wp-content\/uploads\/2021\/06\/hero2-2.png 1177w\" sizes=\"(max-width: 1024px) 100vw, 1024px\">\t\t\t\t\t\t\t\t\t\t\t\t\t\t\t\t\t\t<\/p>\n<p style=\"text-align: center;\">Nous sommes un espace chaleureux et accueillant o\u00f9 les enfants et les adultes, quel que soit leur niveau de pers\u00e9v\u00e9rance, peuvent se sentir inclus et s&#8217;amuser. Nous utilisons diff\u00e9rentes formes d&#8217;art, telles que la musique, la peinture, le th\u00e9\u00e2tre et la danse, pour stimuler votre curiosit\u00e9 et faciliter l&#8217;apprentissage. <\/p>\n<p style=\"text-align: center;\">Notre communaut\u00e9 est compos\u00e9e de familles d&#8217;origines diverses qui cherchent \u00e0 renouer avec leurs racines persanes et \u00e0 apprendre \u00e0 parler le farsi.<\/p>\n<p style=\"text-align: center;\">Nous croyons fermement en un programme bas\u00e9 sur le cerveau qui suit les derni\u00e8res recherches sur l&#8217;apprentissage et nous faisons appel \u00e0 des enseignants exp\u00e9riment\u00e9s et \u00e0 des artistes professionnels pour concr\u00e9tiser notre vision. Notre programme s&#8217;inspire des philosophies Montessori et Waldorf, le rendant immersif et multi-sensoriel afin de r\u00e9pondre aux besoins de chaque apprenant. <\/p>\n<h2>\u00c9cole BolBol  <\/h2>\n<h2>Membres du conseil d&#8217;administration :<\/h2>\n<p>\t\t\t\t\t\t\t\t\t\t\t\t\t\t\t\t\t<img decoding=\"async\" width=\"683\" height=\"1024\" src=\"https:\/\/bolbol-school.ch\/wp-content\/uploads\/2022\/05\/BBS-big-24-683x1024.jpg\" alt=\"\" srcset=\"https:\/\/bolbol-school.ch\/wp-content\/uploads\/2022\/05\/BBS-big-24-683x1024.jpg 683w, https:\/\/bolbol-school.ch\/wp-content\/uploads\/2022\/05\/BBS-big-24-200x300.jpg 200w, https:\/\/bolbol-school.ch\/wp-content\/uploads\/2022\/05\/BBS-big-24-768x1152.jpg 768w, https:\/\/bolbol-school.ch\/wp-content\/uploads\/2022\/05\/BBS-big-24-1024x1536.jpg 1024w, https:\/\/bolbol-school.ch\/wp-content\/uploads\/2022\/05\/BBS-big-24-1365x2048.jpg 1365w, https:\/\/bolbol-school.ch\/wp-content\/uploads\/2022\/05\/BBS-big-24-scaled.jpg 1707w\" sizes=\"(max-width: 683px) 100vw, 683px\">\t\t\t\t\t\t\t\t\t\t\t\t\t\t\t\t<\/p>\n<h2>Fereshteh Bagherimiyab Hunkeler<\/h2>\n<p><strong>Fereshteh Bagherimiyab Hunkeler <\/strong>est pr\u00e9sidente et fondatrice\/directrice ex\u00e9cutive de la <strong>Bolbol School Zurich<\/strong>. Fereshteh est titulaire d&#8217;un doctorat en ing\u00e9nierie environnementale de l&#8217;EPFL (Suisse) et d&#8217;un post-doctorat en sciences de l&#8217;environnement de l&#8217;Universit\u00e9 de Waterloo (Canada). En tant que scientifique de l&#8217;environnement, elle voulait faire quelque chose de significatif, cr\u00e9er des changements durables et rendre ce monde meilleur.    <\/p>\n<p>La vie internationale de Fereshteh l&#8217;a amen\u00e9e \u00e0 appr\u00e9cier la diversit\u00e9 du monde et l&#8217;importance de pr\u00e9server son h\u00e9ritage. Fereshteh a pr\u00e9sent\u00e9 \u00e0 son mari suisse et \u00e0 sa fille des cours formels de farsi \u00e0 l&#8217;\u00e9cole Parsayan de Lausanne et a rapidement rejoint l&#8217;\u00e9cole en tant que membre du conseil d&#8217;administration et codirectrice. En 2018, elle s&#8217;est install\u00e9e \u00e0 Zurich et a fond\u00e9 l&#8217;\u00e9cole Parsayan de Zurich, car il n&#8217;y avait pas de cours de persan dans sa r\u00e9gion. Rapidement, la vision de Fereshteh s&#8217;est \u00e9largie pour inclure davantage d&#8217;\u00e9l\u00e9ments culturels tels que la musique, le th\u00e9\u00e2tre et l&#8217;art. Elle appr\u00e9cie les cours fond\u00e9s sur des m\u00e9thodes p\u00e9dagogiques actuelles. Cette nouvelle vision m\u00e9ritait un nouveau nom, une nouvelle mission, une nouvelle \u00e9cole.       <strong>L&#8217;\u00e9cole Bolbol a \u00e9t\u00e9 inaugur\u00e9e en 2021.  <\/strong><\/p>\n<p>\t\t\t\t\t\t\t\t\t\t\t\t\t<img loading=\"lazy\" decoding=\"async\" width=\"1024\" height=\"683\" src=\"https:\/\/bolbol-school.ch\/wp-content\/uploads\/2021\/06\/Leily-1024x683.jpg\" alt=\"\" srcset=\"https:\/\/bolbol-school.ch\/wp-content\/uploads\/2021\/06\/Leily-1024x683.jpg 1024w, https:\/\/bolbol-school.ch\/wp-content\/uploads\/2021\/06\/Leily-300x200.jpg 300w, https:\/\/bolbol-school.ch\/wp-content\/uploads\/2021\/06\/Leily-768x513.jpg 768w, https:\/\/bolbol-school.ch\/wp-content\/uploads\/2021\/06\/Leily-1536x1025.jpg 1536w, https:\/\/bolbol-school.ch\/wp-content\/uploads\/2021\/06\/Leily-2048x1367.jpg 2048w\" sizes=\"(max-width: 1024px) 100vw, 1024px\">\t\t\t\t\t\t\t\t\t\t\t\t\t\t\t\t<\/p>\n<h2>Leily Zarian<\/h2>\n<p>Leily <strong>Zarian <\/strong>est membre de l&#8217;<strong>\u00e9cole Bolbol de Zurich.<\/strong> Leily est coach et consultante en d\u00e9veloppement organisationnel. Elle est titulaire d&#8217;un Master avanc\u00e9 en psychologie cognitive et interculturelle de l&#8217;Universit\u00e9 de Gen\u00e8ve, en Suisse. Elle est coach certifi\u00e9e ICA\/ICF et se passionne pour aider les personnes et les organisations \u00e0 atteindre leur plein potentiel et \u00e0 r\u00e9ussir.  <\/p>\n<p>Leily est passionn\u00e9e par l&#8217;art et la litt\u00e9rature persans et a rejoint Fereshteh pour cr\u00e9er un espace qui englobe toutes les diff\u00e9rentes facettes de la culture persane. Un espace qui permet aux familles transnationales de combler leur foss\u00e9 culturel. <\/p>\n<p>\t\t\t\t\t\t\t\t\t\t\t\t\t<img loading=\"lazy\" decoding=\"async\" width=\"428\" height=\"640\" src=\"https:\/\/bolbol-school.ch\/wp-content\/uploads\/2021\/07\/20.jpeg\" alt=\"\" srcset=\"https:\/\/bolbol-school.ch\/wp-content\/uploads\/2021\/07\/20.jpeg 428w, https:\/\/bolbol-school.ch\/wp-content\/uploads\/2021\/07\/20-201x300.jpeg 201w\" sizes=\"(max-width: 428px) 100vw, 428px\">\t\t\t\t\t\t\t\t\t\t\t\t\t\t\t\t<\/p>\n<h2>Shahrooz Aziminia<\/h2>\n<p><strong>Shahrooz Aziminia <\/strong>est le directeur du d\u00e9veloppement des programmes d&#8217;\u00e9tudes. Shahrooz a grandi parmi des \u00e9tudiants internationaux en Suisse et s&#8217;est install\u00e9e aux \u00c9tats-Unis il y a plus de 20 ans. Elle a obtenu une licence en psychologie \u00e0 l&#8217;universit\u00e9 Drew et est une \u00e9ducatrice Montessori certifi\u00e9e par l&#8217;AMS. Elle a plus de 20 ans d&#8217;exp\u00e9rience en tant qu&#8217;enseignante Montessori et a d\u00e9velopp\u00e9 divers programmes d&#8217;enrichissement, des curriculums et a dirig\u00e9 des formations pour les enseignants et les parents. Elle continue \u00e0 se perfectionner dans son domaine en se tenant au courant des derni\u00e8res recherches en mati\u00e8re de d\u00e9veloppement de l&#8217;enfant et de science du cerveau. Shahrooz est ravie de rejoindre Fereshteh et Leily \u00e0 la<strong> Bolbol School Zurich <\/strong>et leur mission de cr\u00e9er un espace o\u00f9 l&#8217;apprentissage est amusant et inspirant.     <\/p>\n<h2>Enseignants et collaborateurs Zurich :<\/h2>\n<p>\t\t\t\t\t\t\t\t\t\t\t\t\t\t\t\t\t<img loading=\"lazy\" decoding=\"async\" width=\"1024\" height=\"680\" src=\"https:\/\/bolbol-school.ch\/wp-content\/uploads\/2023\/09\/DSC_7464-1024x680.jpg\" alt=\"\" srcset=\"https:\/\/bolbol-school.ch\/wp-content\/uploads\/2023\/09\/DSC_7464-1024x680.jpg 1024w, https:\/\/bolbol-school.ch\/wp-content\/uploads\/2023\/09\/DSC_7464-300x199.jpg 300w, https:\/\/bolbol-school.ch\/wp-content\/uploads\/2023\/09\/DSC_7464-768x510.jpg 768w, https:\/\/bolbol-school.ch\/wp-content\/uploads\/2023\/09\/DSC_7464-1536x1020.jpg 1536w, https:\/\/bolbol-school.ch\/wp-content\/uploads\/2023\/09\/DSC_7464-2048x1360.jpg 2048w\" sizes=\"(max-width: 1024px) 100vw, 1024px\">\t\t\t\t\t\t\t\t\t\t\t\t\t\t\t\t<\/p>\n<h2>Fereshteh<\/h2>\n<p>Fereshteh, originaire de Mashhad, r\u00e9side en Suisse depuis 2012. Elle a fait des \u00e9tudes en informatique, mais sa vie a pris un tournant lorsqu&#8217;elle est devenue m\u00e8re de sa fille. Cette exp\u00e9rience qui a chang\u00e9 sa vie a \u00e9veill\u00e9 son int\u00e9r\u00eat pour le travail avec les enfants. Elle s&#8217;est d\u00e9couvert une passion pour le contact avec les enfants et adore leur apprendre de nouvelles choses, en particulier sur la culture et la langue persanes de son pays d&#8217;origine.   <\/p>\n<p>Fereshteh est ravie de faire partie de l&#8217;environnement exceptionnel et innovant de l&#8217;\u00e9cole Bolbol, o\u00f9 elle peut jouer le r\u00f4le d&#8217;une enseignante, donnant \u00e0 ses \u00e9l\u00e8ves l&#8217;occasion d&#8217;explorer la culture iranienne \u00e0 travers des jeux interactifs et des histoires captivantes.<\/p>\n<p>\t\t\t\t\t\t\t\t\t\t\t\t\t<img loading=\"lazy\" decoding=\"async\" width=\"830\" height=\"1024\" src=\"https:\/\/bolbol-school.ch\/wp-content\/uploads\/2023\/03\/DC477090-FE21-497B-A076-870C60C4C686-830x1024.jpeg\" alt=\"\" srcset=\"https:\/\/bolbol-school.ch\/wp-content\/uploads\/2023\/03\/DC477090-FE21-497B-A076-870C60C4C686-830x1024.jpeg 830w, https:\/\/bolbol-school.ch\/wp-content\/uploads\/2023\/03\/DC477090-FE21-497B-A076-870C60C4C686-243x300.jpeg 243w, https:\/\/bolbol-school.ch\/wp-content\/uploads\/2023\/03\/DC477090-FE21-497B-A076-870C60C4C686-768x948.jpeg 768w, https:\/\/bolbol-school.ch\/wp-content\/uploads\/2023\/03\/DC477090-FE21-497B-A076-870C60C4C686.jpeg 936w\" sizes=\"(max-width: 830px) 100vw, 830px\">\t\t\t\t\t\t\t\t\t\t\t\t\t\t\t\t<\/p>\n<h2>Shahrzad<\/h2>\n<p>  Shahrzad est professeur de danse dans trois \u00e9coles publiques de Zurich. Elle dirige \u00e9galement des ateliers de danse iranienne pour les femmes iraniennes. Pendant de nombreuses ann\u00e9es, Shahrzad a enseign\u00e9 l&#8217;approche Orff aux enfants. L&#8217;approche Orff utilise la musique, le th\u00e9\u00e2tre, la parole et le mouvement pour enseigner la musique de mani\u00e8re ludique. Vous pouvez \u00e9galement retrouver Shahrzad sur Radio Payke, o\u00f9 elle pr\u00e9sente la culture persane avec ses amis. Shahrzad est ravie de rejoindre l&#8217;<strong>\u00e9cole Bolbol<\/strong> et de r\u00e9unir la danse, le rythme et la musique pour cr\u00e9er des chor\u00e9graphies amusantes qui c\u00e9l\u00e8brent la culture persane.       <img loading=\"lazy\" decoding=\"async\" width=\"654\" height=\"1024\" src=\"https:\/\/bolbol-school.ch\/wp-content\/uploads\/2022\/10\/PHOTO-2022-08-30-14-49-34-654x1024.jpg\" alt=\"\" srcset=\"https:\/\/bolbol-school.ch\/wp-content\/uploads\/2022\/10\/PHOTO-2022-08-30-14-49-34-654x1024.jpg 654w, https:\/\/bolbol-school.ch\/wp-content\/uploads\/2022\/10\/PHOTO-2022-08-30-14-49-34-191x300.jpg 191w, https:\/\/bolbol-school.ch\/wp-content\/uploads\/2022\/10\/PHOTO-2022-08-30-14-49-34-768x1203.jpg 768w, https:\/\/bolbol-school.ch\/wp-content\/uploads\/2022\/10\/PHOTO-2022-08-30-14-49-34-980x1536.jpg 980w, https:\/\/bolbol-school.ch\/wp-content\/uploads\/2022\/10\/PHOTO-2022-08-30-14-49-34.jpg 1307w\" sizes=\"(max-width: 654px) 100vw, 654px\">\t\t\t\t\t\t\t\t\t\t\t\t\t\t\t\t<\/p>\n<h2>Nemat<\/h2>\n<p>  Nemat est un chanteur et auteur-compositeur passionn\u00e9 par la musique, la po\u00e9sie et la culture persane. Il apporte son exp\u00e9rience de l&#8217;enseignement Waldorf \u00e0 ses cours de musique, connectant les \u00e9l\u00e8ves au rythme de la langue persane \u00e0 travers des chansons, des comptines et de la po\u00e9sie. Lorsqu&#8217;il n&#8217;enseigne pas, Nemat se produit souvent lors de diff\u00e9rents \u00e9v\u00e9nements et est ravi de faire partie de la mission et de la communaut\u00e9 de <strong>l&#8217;\u00e9cole Bolbol<\/strong>.    <img loading=\"lazy\" decoding=\"async\" width=\"1024\" height=\"680\" src=\"https:\/\/bolbol-school.ch\/wp-content\/uploads\/2023\/09\/DSC_7477-1024x680.jpg\" alt=\"\" srcset=\"https:\/\/bolbol-school.ch\/wp-content\/uploads\/2023\/09\/DSC_7477-1024x680.jpg 1024w, https:\/\/bolbol-school.ch\/wp-content\/uploads\/2023\/09\/DSC_7477-300x199.jpg 300w, https:\/\/bolbol-school.ch\/wp-content\/uploads\/2023\/09\/DSC_7477-768x510.jpg 768w, https:\/\/bolbol-school.ch\/wp-content\/uploads\/2023\/09\/DSC_7477-1536x1020.jpg 1536w, https:\/\/bolbol-school.ch\/wp-content\/uploads\/2023\/09\/DSC_7477-2048x1360.jpg 2048w\" sizes=\"(max-width: 1024px) 100vw, 1024px\">\t\t\t\t\t\t\t\t\t\t\t\t\t\t\t\t<\/p>\n<h2>Neda<\/h2>\n<p>Neda est n\u00e9e \u00e0 T\u00e9h\u00e9ran, en Iran. Elle a obtenu une licence en enseignement de l&#8217;anglais comme langue \u00e9trang\u00e8re et une ma\u00eetrise en linguistique (l&#8217;\u00e9tude des langues) \u00e0 l&#8217;universit\u00e9 Azad de T\u00e9h\u00e9ran. L&#8217;enseignement est sa passion. Neda a des ann\u00e9es d&#8217;exp\u00e9rience en tant qu&#8217;enseignante dans des \u00e9coles publiques et priv\u00e9es en Iran. Gr\u00e2ce \u00e0 son master, elle a d\u00e9velopp\u00e9 son int\u00e9r\u00eat pour la linguistique compar\u00e9e (l&#8217;\u00e9tude des similitudes et des diff\u00e9rences entre les langues), ce qui a \u00e9t\u00e9 sa principale motivation pour devenir professeur de persan pour les enfants et les adultes en Suisse. Neda est ravie de partager son expertise professionnelle avec les \u00e9l\u00e8ves de <strong>l&#8217;\u00e9cole Bolbol<\/strong>.     <\/p>\n<p>\t\t\t\t\t\t\t\t\t\t\t\t\t<img loading=\"lazy\" decoding=\"async\" width=\"683\" height=\"1024\" src=\"https:\/\/bolbol-school.ch\/wp-content\/uploads\/2022\/05\/BBSchool-50-683x1024.jpg\" alt=\"\" srcset=\"https:\/\/bolbol-school.ch\/wp-content\/uploads\/2022\/05\/BBSchool-50-683x1024.jpg 683w, https:\/\/bolbol-school.ch\/wp-content\/uploads\/2022\/05\/BBSchool-50-200x300.jpg 200w, https:\/\/bolbol-school.ch\/wp-content\/uploads\/2022\/05\/BBSchool-50-768x1152.jpg 768w, https:\/\/bolbol-school.ch\/wp-content\/uploads\/2022\/05\/BBSchool-50-1024x1536.jpg 1024w, https:\/\/bolbol-school.ch\/wp-content\/uploads\/2022\/05\/BBSchool-50-1365x2048.jpg 1365w, https:\/\/bolbol-school.ch\/wp-content\/uploads\/2022\/05\/BBSchool-50-scaled.jpg 1707w\" sizes=\"(max-width: 683px) 100vw, 683px\">\t\t\t\t\t\t\t\t\t\t\t\t\t\t\t\t<\/p>\n<h2>Armin<\/h2>\n<p>Armin est n\u00e9 \u00e0 Rasht, en Iran. Il est acousticien et passionn\u00e9 de musique. Armin joue de plusieurs instruments de percussion persans et de la guitare classique. Il a \u00e9t\u00e9 un musicien amateur actif, jouant et chantant dans diff\u00e9rents groupes, ainsi qu&#8217;enseignant le tombak et la guitare. Il vit en Suisse depuis 2017. Armin parle allemand, anglais et farsi.     <\/p>\n<p>\t\t\t\t\t\t\t\t\t\t\t\t\t<img loading=\"lazy\" decoding=\"async\" width=\"683\" height=\"1024\" src=\"https:\/\/bolbol-school.ch\/wp-content\/uploads\/2022\/05\/BBSchool-46-683x1024.jpg\" alt=\"\" srcset=\"https:\/\/bolbol-school.ch\/wp-content\/uploads\/2022\/05\/BBSchool-46-683x1024.jpg 683w, https:\/\/bolbol-school.ch\/wp-content\/uploads\/2022\/05\/BBSchool-46-200x300.jpg 200w, https:\/\/bolbol-school.ch\/wp-content\/uploads\/2022\/05\/BBSchool-46-768x1152.jpg 768w, https:\/\/bolbol-school.ch\/wp-content\/uploads\/2022\/05\/BBSchool-46-1024x1536.jpg 1024w, https:\/\/bolbol-school.ch\/wp-content\/uploads\/2022\/05\/BBSchool-46-1365x2048.jpg 1365w, https:\/\/bolbol-school.ch\/wp-content\/uploads\/2022\/05\/BBSchool-46-scaled.jpg 1707w\" sizes=\"(max-width: 683px) 100vw, 683px\">\t\t\t\t\t\t\t\t\t\t\t\t\t\t\t\t<\/p>\n<h2>Elika<\/h2>\n<p>  Elika est n\u00e9e et a grandi \u00e0 T\u00e9h\u00e9ran. Apr\u00e8s le lyc\u00e9e, elle a \u00e9migr\u00e9 en Suisse o\u00f9 elle a \u00e9tudi\u00e9 l&#8217;histoire de l&#8217;art et les \u00e9tudes proche-orientales \u00e0 l&#8217;Universit\u00e9 de Zurich, puis a obtenu un doctorat en art islamique avec un accent sur l&#8217;Iran. Depuis 2018, elle est charg\u00e9e de cours de langue et de culture persanes \u00e0 l&#8217;Universit\u00e9 de Berne et \u00e0 l&#8217;Universit\u00e9 de Zurich. En tant qu&#8217;assistante de recherche, elle \u00e9tudie des objets d&#8217;art iraniens dans plusieurs mus\u00e9es. Elle est un membre actif d&#8217;associations culturelles telles que l&#8217;Association suisse des universitaires iraniens \u00e0 Zurich et la Soci\u00e9t\u00e9 suisse du Moyen-Orient et des cultures islamiques. Elle se passionne pour l&#8217;enseignement de la langue et de la culture persanes et se r\u00e9jouit de rejoindre l&#8217;\u00e9quipe de Bolbol.<br \/>\n  Neda est n\u00e9e \u00e0 T\u00e9h\u00e9ran, en Iran. Elle a obtenu une licence en enseignement de l&#8217;anglais comme langue \u00e9trang\u00e8re et une ma\u00eetrise en linguistique (\u00e9tude des langues) \u00e0 l&#8217;universit\u00e9 Azad de T\u00e9h\u00e9ran. L&#8217;enseignement est sa passion. Neda a des ann\u00e9es d&#8217;exp\u00e9rience en tant qu&#8217;enseignante dans des \u00e9coles publiques et priv\u00e9es en Iran. Gr\u00e2ce \u00e0 son master, elle a d\u00e9velopp\u00e9 son int\u00e9r\u00eat pour la linguistique compar\u00e9e (l&#8217;\u00e9tude des similitudes et des diff\u00e9rences entre les langues), ce qui n&#8217;a pas \u00e9t\u00e9 sa seule motivation, mais une motivation tr\u00e8s importante pour devenir professeur de persan pour les enfants et les adultes en Suisse. Elle est ravie de partager son expertise professionnelle avec les \u00e9l\u00e8ves de <strong>l&#8217;\u00e9cole de Bolbol<\/strong>.<br \/>\n\t\t\t\t\t<a target=\"_blank\"><br \/>\n  Youtube<br \/>\n\t\t\t\t\t\t<svg viewbox=\"0 0 576 512\" xmlns=\"http:\/\/www.w3.org\/2000\/svg\"><path d=\"M549.655 124.083c-6.281-23.65-24.787-42.276-48.284-48.597C458.781 64 288 64 288 64S117.22 64 74.629 75.486c-23.497 6.322-42.003 24.947-48.284 48.597-11.412 42.867-11.412 132.305-11.412 132.305s0 89.438 11.412 132.305c6.281 23.65 24.787 41.5 48.284 47.821C117.22 448 288 448 288 448s170.78 0 213.371-11.486c23.497-6.321 42.003-24.171 48.284-47.821 11.412-42.867 11.412-132.305 11.412-132.305s0-89.438-11.412-132.305zm-317.51 213.508V175.185l142.739 81.205-142.739 81.201z\"><\/path><\/svg>\t\t\t\t\t<\/a><br \/>\n\t\t\t\t\t<a target=\"_blank\"><br \/>\n  Facebook-f<br \/>\n\t\t\t\t\t\t<svg viewbox=\"0 0 320 512\" xmlns=\"http:\/\/www.w3.org\/2000\/svg\"><path d=\"M279.14 288l14.22-92.66h-88.91v-60.13c0-25.35 12.42-50.06 52.24-50.06h40.42V6.26S260.43 0 225.36 0c-73.22 0-121.08 44.38-121.08 124.72v70.62H22.89V288h81.39v224h100.17V288z\"><\/path><\/svg>\t\t\t\t\t<\/a><br \/>\n\t\t\t\t\t<a href=\"https:\/\/instagram.com\/bolbolschool?igshid=YmMyMTA2M2Y=\" target=\"_blank\"><br \/>\n  Instagram<br \/>\n\t\t\t\t\t\t<svg viewbox=\"0 0 448 512\" xmlns=\"http:\/\/www.w3.org\/2000\/svg\"><path d=\"M224.1 141c-63.6 0-114.9 51.3-114.9 114.9s51.3 114.9 114.9 114.9S339 319.5 339 255.9 287.7 141 224.1 141zm0 189.6c-41.1 0-74.7-33.5-74.7-74.7s33.5-74.7 74.7-74.7 74.7 33.5 74.7 74.7-33.6 74.7-74.7 74.7zm146.4-194.3c0 14.9-12 26.8-26.8 26.8-14.9 0-26.8-12-26.8-26.8s12-26.8 26.8-26.8 26.8 12 26.8 26.8zm76.1 27.2c-1.7-35.9-9.9-67.7-36.2-93.9-26.2-26.2-58-34.4-93.9-36.2-37-2.1-147.9-2.1-184.9 0-35.8 1.7-67.6 9.9-93.9 36.1s-34.4 58-36.2 93.9c-2.1 37-2.1 147.9 0 184.9 1.7 35.9 9.9 67.7 36.2 93.9s58 34.4 93.9 36.2c37 2.1 147.9 2.1 184.9 0 35.9-1.7 67.7-9.9 93.9-36.2 26.2-26.2 34.4-58 36.2-93.9 2.1-37 2.1-147.8 0-184.8zM398.8 388c-7.8 19.6-22.9 34.7-42.6 42.6-29.5 11.7-99.5 9-132.1 9s-102.7 2.6-132.1-9c-19.6-7.8-34.7-22.9-42.6-42.6-11.7-29.5-9-99.5-9-132.1s-2.6-102.7 9-132.1c7.8-19.6 22.9-34.7 42.6-42.6 29.5-11.7 99.5-9 132.1-9s102.7-2.6 132.1 9c19.6 7.8 34.7 22.9 42.6 42.6 11.7 29.5 9 99.5 9 132.1s2.7 102.7-9 132.1z\"><\/path><\/svg>\t\t\t\t\t<\/a><\/p>\n<p>Design by Studio Mellli I 2021 &amp; Developed by kirranbatool<\/p>\n","protected":false},"excerpt":{"rendered":"<p>Nous ouvrons une porte sur la culture et la langue persanes \u00e0 toute personne int\u00e9ress\u00e9e. Nous sommes un espace chaleureux et accueillant o\u00f9 les enfants et les adultes, quel que soit leur niveau de pers\u00e9v\u00e9rance, peuvent se sentir inclus et s&#8217;amuser. Nous utilisons diff\u00e9rentes formes d&#8217;art, telles que la musique, la peinture, le th\u00e9\u00e2tre et [&hellip;]<\/p>\n","protected":false},"author":1,"featured_media":0,"parent":0,"menu_order":0,"comment_status":"closed","ping_status":"closed","template":"","meta":{"site-sidebar-layout":"no-sidebar","site-content-layout":"page-builder","ast-site-content-layout":"full-width-container","site-content-style":"unboxed","site-sidebar-style":"unboxed","ast-global-header-display":"","ast-banner-title-visibility":"","ast-main-header-display":"disabled","ast-hfb-above-header-display":"","ast-hfb-below-header-display":"","ast-hfb-mobile-header-display":"disabled","site-post-title":"disabled","ast-breadcrumbs-content":"disabled","ast-featured-img":"disabled","footer-sml-layout":"disabled","theme-transparent-header-meta":"default","adv-header-id-meta":"","stick-header-meta":"","header-above-stick-meta":"","header-main-stick-meta":"","header-below-stick-meta":"","astra-migrate-meta-layouts":"default","ast-page-background-enabled":"default","ast-page-background-meta":{"desktop":{"background-color":"var(--ast-global-color-4)","background-image":"","background-repeat":"repeat","background-position":"center center","background-size":"auto","background-attachment":"scroll","background-type":"","background-media":"","overlay-type":"","overlay-color":"","overlay-opacity":"","overlay-gradient":""},"tablet":{"background-color":"","background-image":"","background-repeat":"repeat","background-position":"center center","background-size":"auto","background-attachment":"scroll","background-type":"","background-media":"","overlay-type":"","overlay-color":"","overlay-opacity":"","overlay-gradient":""},"mobile":{"background-color":"","background-image":"","background-repeat":"repeat","background-position":"center center","background-size":"auto","background-attachment":"scroll","background-type":"","background-media":"","overlay-type":"","overlay-color":"","overlay-opacity":"","overlay-gradient":""}},"ast-content-background-meta":{"desktop":{"background-color":"var(--ast-global-color-5)","background-image":"","background-repeat":"repeat","background-position":"center center","background-size":"auto","background-attachment":"scroll","background-type":"","background-media":"","overlay-type":"","overlay-color":"","overlay-opacity":"","overlay-gradient":""},"tablet":{"background-color":"var(--ast-global-color-5)","background-image":"","background-repeat":"repeat","background-position":"center center","background-size":"auto","background-attachment":"scroll","background-type":"","background-media":"","overlay-type":"","overlay-color":"","overlay-opacity":"","overlay-gradient":""},"mobile":{"background-color":"var(--ast-global-color-5)","background-image":"","background-repeat":"repeat","background-position":"center center","background-size":"auto","background-attachment":"scroll","background-type":"","background-media":"","overlay-type":"","overlay-color":"","overlay-opacity":"","overlay-gradient":""}},"footnotes":""},"class_list":["post-1179","page","type-page","status-publish","hentry"],"_links":{"self":[{"href":"https:\/\/bolbol-school.ch\/index.php?rest_route=\/wp\/v2\/pages\/1179","targetHints":{"allow":["GET"]}}],"collection":[{"href":"https:\/\/bolbol-school.ch\/index.php?rest_route=\/wp\/v2\/pages"}],"about":[{"href":"https:\/\/bolbol-school.ch\/index.php?rest_route=\/wp\/v2\/types\/page"}],"author":[{"embeddable":true,"href":"https:\/\/bolbol-school.ch\/index.php?rest_route=\/wp\/v2\/users\/1"}],"replies":[{"embeddable":true,"href":"https:\/\/bolbol-school.ch\/index.php?rest_route=%2Fwp%2Fv2%2Fcomments&post=1179"}],"version-history":[{"count":3,"href":"https:\/\/bolbol-school.ch\/index.php?rest_route=\/wp\/v2\/pages\/1179\/revisions"}],"predecessor-version":[{"id":1330,"href":"https:\/\/bolbol-school.ch\/index.php?rest_route=\/wp\/v2\/pages\/1179\/revisions\/1330"}],"wp:attachment":[{"href":"https:\/\/bolbol-school.ch\/index.php?rest_route=%2Fwp%2Fv2%2Fmedia&parent=1179"}],"curies":[{"name":"wp","href":"https:\/\/api.w.org\/{rel}","templated":true}]}}